11. Let y be m(6). Calculate the highest common factor of y and 52.
13
Let n = -12 - -7. Let t be (-5 - n)/(0 - 2). Suppose 0*b + b - 2*w = 12, -3*b - 2*w + 36 = t. What is the highest common factor of 8 and b?
4
Let m = 430 + -79. What is the highest common factor of 39 and m?
39
Suppose 6*h - h - 5 = 0. Let w = -12 + 23. What is the highest common factor of h and w?
1
Let h(m) = m**3 + 4*m**2 + m + 1. Let t be h(-4). Let r be 6*t*3/(-9). Calculate the highest common divisor of r and 30.
6
Suppose 18 = 3*g - 4*t, 0*g + 12 = 2*g - 3*t. What is the highest common factor of g and 114?
6
Suppose 3*f + 2*a - 11 = 13, 9 = 2*f - a. Calculate the greatest common factor of f and 15.
3
Let v(y) = 3*y + 3. Let b be v(3). Let m = 23 - b. What is the greatest common divisor of m and 11?
11
Let c = 1 - -2. Suppose 0 = 5*r + 2*o, -2*r - 7 = -6*r - c*o. Let v be 69/6 - (-1)/r. What is the highest common divisor of 88 and v?
11
Suppose 25 = -2*a + 7*a. Suppose a*c - 47 - 32 = 4*b, 0 = 2*c + 4*b - 54. What is the highest common factor of c and 95?
19
Suppose -2*j + 2*f + 8 = 0, -6*f = 3*j - 5*f - 24. What is the highest common factor of 21 and j?
7
Suppose -2*g - k + 37 = 0, k + k = g - 16. What is the highest common factor of 6 and g?
6
Suppose 3*h - 47 = 178. Let l be (-22)/55 + -22*14/(-20). Calculate the highest common divisor of l and h.
15
Let i = -115 + 161. What is the highest common factor of i and 230?
46
Let f = 38 + -8. Calculate the greatest common divisor of f and 15.
15
Let m be (-2)/(24/40 - (1 + 0)). Let l be 3/(-2)*2/(-3). Calculate the greatest common divisor of l and m.
1
Let s be 6/(-12) - (-2)/(-4). Let p be s/(-4) - (-189)/12. What is the greatest common divisor of 8 and p?
8
Let p(j) = -j**3 - 4*j**2 - 2*j - 2. Let g be p(-4). Let d(o) = 2*o + 1. Let w be d(1). Calculate the greatest common factor of w and g.
3
Suppose -m - 4*w = -0*m - 21, -3*w + 18 = m. Let q = 29 - m. Calculate the greatest common factor of 4 and q.
4
Suppose 5*a = -0*a + 120. What is the highest common divisor of a and 6?
6
Suppose 0 = 12*i - 10*i - 14. What is the highest common factor of i and 1?
1
Let c be (-1 - -8) + -3 + 2. Let v = c - 4. Calculate the highest common factor of v and 6.
2
Let s be (-2)/(-9) - 4/18. Suppose s = f + 2 - 114. Calculate the highest common divisor of 16 and f.
16
Let y(p) = 3*p. Let s be y(-1). Let d = 6 + s. Suppose 0 = -4*l + 5*u + 464, 0 = 3*l + d*u - 0*u - 375. What is the highest common factor of 11 and l?
11
Let w = 89 + -39. What is the highest common divisor of w and 20?
10
Let l = 15 + -5. Let o = -6 + l. Let x = o - 2. Calculate the greatest common factor of x and 1.
1
Suppose -f = -3*f + 240. Calculate the highest common divisor of 12 and f.
12
Let o be 9/(-6)*276/(-9). Suppose -2*c + 21 = 3*b, 13 = -2*c + b + o. What is the highest common factor of c and 15?
15
Let i = 91 - 49. Suppose -j + 3 = -u, -3 = u - 2*u. What is the greatest common divisor of i and j?
6
Suppose -5*m - a + 135 = 0, 6*a = 2*m + a - 81. Suppose -v + 4 = -3. What is the greatest common factor of v and m?
7
Suppose 427 + 911 = 4*q - o, 0 = -5*q + 3*o + 1669. Suppose g = 5, -2*i - 5*g - q = -5*i. What is the greatest common divisor of i and 48?
24
Suppose -84 = 2*a - 5*a. Let x = 14 - 7. What is the greatest common factor of x and a?
7
Suppose -5*k - 20 = 0, -u - 5*k + 3 = -1. Suppose -g + 3*g = -5*m, -3*m + 4*g + 26 = 0. Let r be m/8 + 95/4. Calculate the highest common factor of u and r.
24
Suppose 3*k - k - 25 = -3*b, b - 10 = -k. What is the greatest common divisor of 1 and k?
1
Let u(x) = -x**3 + 6*x**2 - 6*x + 3. Let k be u(5). Let c be k*4/(16/(-26)). What is the greatest common factor of c and 13?
13
Suppose 5*l - 3 = b - 9, -3*b + 4*l + 62 = 0. What is the greatest common factor of b and 26?
26
Let o(k) = -k**2 - 12*k - 8. Let t be o(-12). Let q = t + 22. Calculate the greatest common divisor of q and 35.
7
Let r(v) = -2*v - 12. Let w be r(-8). Suppose 0*k - k + w*c = -19, -k + 12 = 3*c. What is the highest common divisor of k and 5?
5
Let l(m) = -2*m + 48. Let d be l(15). What is the greatest common divisor of d and 12?
6
Suppose 18 = t + t. Let m(u) = u**2 + 81. Let y be m(0). What is the highest common factor of t and y?
9
Suppose -2*o + 5 + 135 = 0. Calculate the highest common factor of 14 and o.
14
Suppose 21 = -4*g + 141. Let n = -25 + g. Calculate the greatest common divisor of n and 2.
1
Let x = 5 - -27. What is the highest common divisor of x and 80?
16
Let k be 1/2 + (-35)/(-10). Suppose -s + 25 = k*s. What is the highest common factor of s and 1?
1
Let b(j) = j**2 - 3*j - 3. Let m be b(-2). Calculate the greatest common divisor of 7 and m.
7
Let x be (9/(-6) - -3)*2. Suppose 2*z - 5 = -x. Calculate the greatest common divisor of 11 and z.
1
Let a(m) = 8*m**2 - 3*m - 1. Let z be a(-2). Suppose z = 2*f - 0*f + s, 2*f = s + 47. Let j be (2 + 40)/(1/2). What is the highest common factor of j and f?
21
Let l be 179 - (6/(-24) - 6/8). Calculate the greatest common divisor of 20 and l.
20
Let k be -21*((-28)/12 + -1). Calculate the highest common factor of 14 and k.
14
Let f(a) = -2*a - 13. Let p be f(-9). Suppose 3*s - 20 + p = 0. Let x = 41 - s. Calculate the highest common divisor of 9 and x.
9
Suppose 5*a - 804 = -4*k + a, 3*a + 981 = 5*k. Calculate the highest common factor of 22 and k.
22
Suppose -5*c - 23 = -o, 5*c - 2*c = -4*o + 138. Calculate the greatest common divisor of o and 22.
11
Let v(m) = -m**2 - 9*m - 8. Let o be v(-8). Let q be 17 + (o + 2 - 3). What is the greatest common divisor of 32 and q?
16
Let z(t) = 67*t**2 + 1. Suppose -4*s = 2*u - 0*s + 2, -5*u - 5 = 4*s. Let f be z(u). Calculate the highest common factor of f and 17.
17
Let c be (-47)/(-7) - (-4)/14. Let i = 5 + 11. Let y = 79 - i. Calculate the greatest common divisor of c and y.
7
Let n(o) = -o**3 + 2*o**2 - 4*o + 10. Let u be n(0). What is the highest common divisor of u and 20?
10
Let q = 103 - 77. Calculate the greatest common factor of q and 39.
13
Let v = 9 - -85. Suppose -2*b = -2*z - v, 4*b + 57 = -z + 220. Suppose 22 + 6 = 2*i. What is the highest common factor of i and b?
14
Suppose -3*x = s - 118, x + x - 5*s = 90. Suppose 11*y + x = 16*y. What is the highest common factor of 72 and y?
8
Let w(b) = -53*b**3 + 2*b**2 + 4*b + 2. Let l be w(-1). Calculate the highest common divisor of 106 and l.
53
Suppose 129*d - 126*d - 72 = 0. What is the greatest common factor of d and 96?
24
Let n(v) = v**2 + 5*v - 2. Let u be n(-6). What is the highest common factor of u and 2?
2
Let i be ((-6)/5)/((-3)/40). Suppose 0 = 2*m + 5*u - u - 236, -3*m + 4*u + 324 = 0. Calculate the highest common divisor of i and m.
16
Suppose -38 = -4*u + 2*u + 2*m, 5*u - m - 75 = 0. What is the greatest common factor of 56 and u?
14
Let v = 42 - 30. Let z be ((-7)/(-14))/((-1)/(-6)). Calculate the highest common divisor of v and z.
3
Suppose -2*m + 7*m - 5 = 0. Let g be ((-3)/6)/(m/(-88)). Let o be 88/20*5/2. Calculate the greatest common factor of g and o.
11
Let r(s) = s**3 - 6*s**2 + 4*s - 2. Let q be r(6). Let m be (-1 + 1/(-2))/(66/(-6776)). What is the greatest common factor of m and q?
22
Suppose -2*a + 5*q = -66, -2*a + a = q - 33. What is the highest common factor of a and 22?
11
Let h = -74 - -164. Let u = 23 - 13. Suppose u = -x - 4*l, -5*x + 4*l = -52 - 18. Calculate the greatest common factor of x and h.
10
Let j be 1/(109/(-55) - -2). Suppose -3*c + p = -19, 0*c - p = 3*c - 11. What is the highest common divisor of j and c?
5
Let y(i) = i**3 + 7*i**2 + 5*i - 1. Let t be y(-6). Suppose s + 0*s = 4*x - 737, -x = -t*s - 189. What is the greatest common divisor of 23 and x?
23
Let v(n) = n**3 - 4*n**2 + 3*n - 6. Let m be v(5). Suppose 2*s - 10 = -3*s. Let b be (-4)/(-8) - (-169)/s. What is the greatest common factor of b and m?
17
Suppose -5*l + 2 = -3*b, 3*b + 4 = l + 3*l. Let m be ((-36)/5)/(l/10). Suppose 2*t = -t + m. Calculate the greatest common divisor of 96 and t.
12
Let i(r) = r**3 + 10*r**2 + 8*r + 9. Let b be 1/3 - 112/12. Let g be i(b). Calculate the highest common divisor of g and 72.
18
Let z be (3 - (-32)/(-12))*3. What is the greatest common divisor of z and 1?
1
Suppose -4*y + 14 + 2 = 2*m, 0 = 2*y - 5*m - 8. Suppose y*l - 4*j = -j + 35, -5 = -l - 3*j